{"id":48,"date":"2025-10-17T20:33:36","date_gmt":"2025-10-17T18:33:36","guid":{"rendered":"https:\/\/www.kotihoivakatriina.fi\/index.php\/home\/"},"modified":"2025-11-12T20:24:03","modified_gmt":"2025-11-12T18:24:03","slug":"home","status":"publish","type":"page","link":"https:\/\/www.kotihoivakatriina.fi\/","title":{"rendered":"Palvelut"},"content":{"rendered":"\r\n<p><strong>Kotihoivaa suomeksi ja ruotsiksi Espoon, Kauniaisten ja L\u00e4nsi-Helsingin alueella<\/strong><\/p>\r\n<p data-start=\"1471\" data-end=\"1721\">Haluatko, ett\u00e4 sin\u00e4 tai l\u00e4heisesi voisitte el\u00e4\u00e4 turvallisesti ja arvokkaasti omassa kodissa my\u00f6s silloin, kun toimintakyky on heikentynyt?<br data-start=\"1609\" data-end=\"1612\" \/>Kotihoiva Katriina tukee senioreita ja muita apua tarvitsevia arjessa \u2013 aina yksil\u00f6llisesti ja luotettavasti.<\/p>\r\n<p data-start=\"1723\" data-end=\"1971\">Koti on tuttu ja rakas ymp\u00e4rist\u00f6, ja me autamme pit\u00e4m\u00e4\u00e4n sen turvallisena ja el\u00e4m\u00e4nmy\u00f6nteisen\u00e4. Kun hoiva-apu k\u00e4y kotona sovitusti, arki sujuu turvallisesti ja inhimillisesti \u2013 ja omaiset voivat heng\u00e4ht\u00e4\u00e4, tiet\u00e4en l\u00e4heisens\u00e4 olevan hyviss\u00e4 k\u00e4siss\u00e4.<\/p>\r\n\r\n\r\n\r\n\r\n\r\n<p>Hoivapalvelu voi sis\u00e4lt\u00e4\u00e4 esimerkiksi:<\/p>\r\n<p>\ud83d\udc9a henkil\u00f6kohtaista hoivaa, kuten peseytymisess\u00e4 ja pukeutumisessa avustamista, verenpaineen mittaus hyvinvointipalveluna<\/p>\r\n<p>\ud83d\udc9a kotitaloust\u00f6it\u00e4, kuten siivousta, pyykinpesua ja ruoanlaittoa<\/p>\r\n<p>\ud83d\udc9a seuraa ja keskustelua, jotka tuovat iloa arkeen ja tukevat mielen hyvinvointia<\/p>\r\n<p>\ud83d\udc9a asiointiapua kauppareissuille, harrastuksiin, l\u00e4\u00e4k\u00e4riin tai apteekkiin jne.<\/p>\r\n<p>\ud83d\udc9a ulkoiluapua tai muuta mukavaa toimintakyky\u00e4 tukevaa toimintaa.<\/p>\r\n<p>Meille ilo, arvokkuus ja ihmisl\u00e4heisyys ovat kaiken toiminnan ytimess\u00e4.<br data-start=\"2439\" data-end=\"2442\" \/>Pid\u00e4mme huolta siit\u00e4, ett\u00e4 asiakkaidemme el\u00e4m\u00e4nilo ja hyvinvointi s\u00e4ilyv\u00e4t \u2013 el\u00e4m\u00e4ntilanteesta riippumatta.<\/p>\r\n<p>&nbsp;<\/p>\r\n\r\n\r\n","protected":false},"excerpt":{"rendered":"<p>Kotihoivaa suomeksi ja ruotsiksi Espoon, Kauniaisten ja L\u00e4nsi-Helsingin alueella Haluatko, ett\u00e4 sin\u00e4 tai l\u00e4heisesi voisitte el\u00e4\u00e4 turvallisesti ja arvokkaasti omassa [&hellip;]<\/p>\n","protected":false},"author":1,"featured_media":296,"parent":0,"menu_order":0,"comment_status":"closed","ping_status":"closed","template":"","meta":{"_acf_changed":false,"site-sidebar-layout":"default","site-content-layout":"","ast-site-content-layout":"default","site-content-style":"default","site-sidebar-style":"default","ast-global-header-display":"","ast-banner-title-visibility":"","ast-main-header-display":"","ast-hfb-above-header-display":"","ast-hfb-below-header-display":"","ast-hfb-mobile-header-display":"","site-post-title":"","ast-breadcrumbs-content":"","ast-featured-img":"","footer-sml-layout":"","ast-disable-related-posts":"","theme-transparent-header-meta":"default","adv-header-id-meta":"","stick-header-meta":"","header-above-stick-meta":"","header-main-stick-meta":"","header-below-stick-meta":"","astra-migrate-meta-layouts":"set","ast-page-background-enabled":"default","ast-page-background-meta":{"desktop":{"background-color":"var(--ast-global-color-5)","background-image":"","background-repeat":"repeat","background-position":"center center","background-size":"auto","background-attachment":"scroll","background-type":"","background-media":"","overlay-type":"","overlay-color":"","overlay-opacity":"","overlay-gradient":""},"tablet":{"background-color":"","background-image":"","background-repeat":"repeat","background-position":"center center","background-size":"auto","background-attachment":"scroll","background-type":"","background-media":"","overlay-type":"","overlay-color":"","overlay-opacity":"","overlay-gradient":""},"mobile":{"background-color":"","background-image":"","background-repeat":"repeat","background-position":"center center","background-size":"auto","background-attachment":"scroll","background-type":"","background-media":"","overlay-type":"","overlay-color":"","overlay-opacity":"","overlay-gradient":""}},"ast-content-background-meta":{"desktop":{"background-color":"var(--ast-global-color-4)","background-image":"","background-repeat":"repeat","background-position":"center center","background-size":"auto","background-attachment":"scroll","background-type":"","background-media":"","overlay-type":"","overlay-color":"","overlay-opacity":"","overlay-gradient":""},"tablet":{"background-color":"var(--ast-global-color-4)","background-image":"","background-repeat":"repeat","background-position":"center center","background-size":"auto","background-attachment":"scroll","background-type":"","background-media":"","overlay-type":"","overlay-color":"","overlay-opacity":"","overlay-gradient":""},"mobile":{"background-color":"var(--ast-global-color-4)","background-image":"","background-repeat":"repeat","background-position":"center center","background-size":"auto","background-attachment":"scroll","background-type":"","background-media":"","overlay-type":"","overlay-color":"","overlay-opacity":"","overlay-gradient":""}},"footnotes":""},"class_list":["post-48","page","type-page","status-publish","has-post-thumbnail","hentry"],"acf":[],"yoast_head":"<!-- This site is optimized with the Yoast SEO plugin v27.4 - https:\/\/yoast.com\/product\/yoast-seo-wordpress\/ -->\n<title>Palvelut - Kotihoiva Katriina<\/title>\n<meta name=\"description\" content=\"Kotihoiva Katriina tarjoaa l\u00e4mminhenkist\u00e4 ja luotettavaa kotihoivaa. Palvelemme Espoossa, Kauniaisissa ja L\u00e4nsi-Helsingiss\u00e4.\" \/>\n<meta name=\"robots\" content=\"index, follow, max-snippet:-1, max-image-preview:large, max-video-preview:-1\" \/>\n<link rel=\"canonical\" href=\"https:\/\/www.kotihoivakatriina.fi\/\" \/>\n<meta property=\"og:locale\" content=\"fi_FI\" \/>\n<meta property=\"og:type\" content=\"article\" \/>\n<meta property=\"og:title\" content=\"Palvelut - Kotihoiva Katriina\" \/>\n<meta property=\"og:description\" content=\"Kotihoiva Katriina tarjoaa l\u00e4mminhenkist\u00e4 ja luotettavaa kotihoivaa. Palvelemme Espoossa, Kauniaisissa ja L\u00e4nsi-Helsingiss\u00e4.\" \/>\n<meta property=\"og:url\" content=\"https:\/\/www.kotihoivakatriina.fi\/\" \/>\n<meta property=\"og:site_name\" content=\"Kotihoiva Katriina\" \/>\n<meta property=\"article:modified_time\" content=\"2025-11-12T18:24:03+00:00\" \/>\n<meta property=\"og:image\" content=\"https:\/\/www.kotihoivakatriina.fi\/wp-content\/uploads\/2025\/10\/kukat-small2.jpg\" \/>\n\t<meta property=\"og:image:width\" content=\"886\" \/>\n\t<meta property=\"og:image:height\" content=\"374\" \/>\n\t<meta property=\"og:image:type\" content=\"image\/jpeg\" \/>\n<meta name=\"twitter:card\" content=\"summary_large_image\" \/>\n<meta name=\"twitter:label1\" content=\"Arvioitu lukuaika\" \/>\n\t<meta name=\"twitter:data1\" content=\"2 minuuttia\" \/>\n<script type=\"application\/ld+json\" class=\"yoast-schema-graph\">{\"@context\":\"https:\\\/\\\/schema.org\",\"@graph\":[{\"@type\":\"WebPage\",\"@id\":\"https:\\\/\\\/www.kotihoivakatriina.fi\\\/\",\"url\":\"https:\\\/\\\/www.kotihoivakatriina.fi\\\/\",\"name\":\"Palvelut - Kotihoiva Katriina\",\"isPartOf\":{\"@id\":\"https:\\\/\\\/www.kotihoivakatriina.fi\\\/#website\"},\"primaryImageOfPage\":{\"@id\":\"https:\\\/\\\/www.kotihoivakatriina.fi\\\/#primaryimage\"},\"image\":{\"@id\":\"https:\\\/\\\/www.kotihoivakatriina.fi\\\/#primaryimage\"},\"thumbnailUrl\":\"https:\\\/\\\/www.kotihoivakatriina.fi\\\/wp-content\\\/uploads\\\/2025\\\/10\\\/kukat-small2.jpg\",\"datePublished\":\"2025-10-17T18:33:36+00:00\",\"dateModified\":\"2025-11-12T18:24:03+00:00\",\"description\":\"Kotihoiva Katriina tarjoaa l\u00e4mminhenkist\u00e4 ja luotettavaa kotihoivaa. Palvelemme Espoossa, Kauniaisissa ja L\u00e4nsi-Helsingiss\u00e4.\",\"breadcrumb\":{\"@id\":\"https:\\\/\\\/www.kotihoivakatriina.fi\\\/#breadcrumb\"},\"inLanguage\":\"fi\",\"potentialAction\":[{\"@type\":\"ReadAction\",\"target\":[\"https:\\\/\\\/www.kotihoivakatriina.fi\\\/\"]}]},{\"@type\":\"ImageObject\",\"inLanguage\":\"fi\",\"@id\":\"https:\\\/\\\/www.kotihoivakatriina.fi\\\/#primaryimage\",\"url\":\"https:\\\/\\\/www.kotihoivakatriina.fi\\\/wp-content\\\/uploads\\\/2025\\\/10\\\/kukat-small2.jpg\",\"contentUrl\":\"https:\\\/\\\/www.kotihoivakatriina.fi\\\/wp-content\\\/uploads\\\/2025\\\/10\\\/kukat-small2.jpg\",\"width\":886,\"height\":374},{\"@type\":\"BreadcrumbList\",\"@id\":\"https:\\\/\\\/www.kotihoivakatriina.fi\\\/#breadcrumb\",\"itemListElement\":[{\"@type\":\"ListItem\",\"position\":1,\"name\":\"Etusivu\",\"item\":\"https:\\\/\\\/www.kotihoivakatriina.fi\\\/\"},{\"@type\":\"ListItem\",\"position\":2,\"name\":\"Palvelut\"}]},{\"@type\":\"WebSite\",\"@id\":\"https:\\\/\\\/www.kotihoivakatriina.fi\\\/#website\",\"url\":\"https:\\\/\\\/www.kotihoivakatriina.fi\\\/\",\"name\":\"kotihoivakatriina.fi\",\"description\":\"Kotihoivapalveluita pk-seudulla\",\"publisher\":{\"@id\":\"https:\\\/\\\/www.kotihoivakatriina.fi\\\/#organization\"},\"potentialAction\":[{\"@type\":\"SearchAction\",\"target\":{\"@type\":\"EntryPoint\",\"urlTemplate\":\"https:\\\/\\\/www.kotihoivakatriina.fi\\\/?s={search_term_string}\"},\"query-input\":{\"@type\":\"PropertyValueSpecification\",\"valueRequired\":true,\"valueName\":\"search_term_string\"}}],\"inLanguage\":\"fi\"},{\"@type\":\"Organization\",\"@id\":\"https:\\\/\\\/www.kotihoivakatriina.fi\\\/#organization\",\"name\":\"Kotihoiva Katriina\",\"url\":\"https:\\\/\\\/www.kotihoivakatriina.fi\\\/\",\"logo\":{\"@type\":\"ImageObject\",\"inLanguage\":\"fi\",\"@id\":\"https:\\\/\\\/www.kotihoivakatriina.fi\\\/#\\\/schema\\\/logo\\\/image\\\/\",\"url\":\"https:\\\/\\\/www.kotihoivakatriina.fi\\\/wp-content\\\/uploads\\\/2025\\\/10\\\/Kotihoiva-Katriina-Iloa-jokaiseen-paivaan-logo-wide.png\",\"contentUrl\":\"https:\\\/\\\/www.kotihoivakatriina.fi\\\/wp-content\\\/uploads\\\/2025\\\/10\\\/Kotihoiva-Katriina-Iloa-jokaiseen-paivaan-logo-wide.png\",\"width\":1264,\"height\":401,\"caption\":\"Kotihoiva Katriina\"},\"image\":{\"@id\":\"https:\\\/\\\/www.kotihoivakatriina.fi\\\/#\\\/schema\\\/logo\\\/image\\\/\"}}]}<\/script>\n<!-- \/ Yoast SEO plugin. -->","yoast_head_json":{"title":"Palvelut - Kotihoiva Katriina","description":"Kotihoiva Katriina tarjoaa l\u00e4mminhenkist\u00e4 ja luotettavaa kotihoivaa. Palvelemme Espoossa, Kauniaisissa ja L\u00e4nsi-Helsingiss\u00e4.","robots":{"index":"index","follow":"follow","max-snippet":"max-snippet:-1","max-image-preview":"max-image-preview:large","max-video-preview":"max-video-preview:-1"},"canonical":"https:\/\/www.kotihoivakatriina.fi\/","og_locale":"fi_FI","og_type":"article","og_title":"Palvelut - Kotihoiva Katriina","og_description":"Kotihoiva Katriina tarjoaa l\u00e4mminhenkist\u00e4 ja luotettavaa kotihoivaa. Palvelemme Espoossa, Kauniaisissa ja L\u00e4nsi-Helsingiss\u00e4.","og_url":"https:\/\/www.kotihoivakatriina.fi\/","og_site_name":"Kotihoiva Katriina","article_modified_time":"2025-11-12T18:24:03+00:00","og_image":[{"width":886,"height":374,"url":"https:\/\/www.kotihoivakatriina.fi\/wp-content\/uploads\/2025\/10\/kukat-small2.jpg","type":"image\/jpeg"}],"twitter_card":"summary_large_image","twitter_misc":{"Arvioitu lukuaika":"2 minuuttia"},"schema":{"@context":"https:\/\/schema.org","@graph":[{"@type":"WebPage","@id":"https:\/\/www.kotihoivakatriina.fi\/","url":"https:\/\/www.kotihoivakatriina.fi\/","name":"Palvelut - Kotihoiva Katriina","isPartOf":{"@id":"https:\/\/www.kotihoivakatriina.fi\/#website"},"primaryImageOfPage":{"@id":"https:\/\/www.kotihoivakatriina.fi\/#primaryimage"},"image":{"@id":"https:\/\/www.kotihoivakatriina.fi\/#primaryimage"},"thumbnailUrl":"https:\/\/www.kotihoivakatriina.fi\/wp-content\/uploads\/2025\/10\/kukat-small2.jpg","datePublished":"2025-10-17T18:33:36+00:00","dateModified":"2025-11-12T18:24:03+00:00","description":"Kotihoiva Katriina tarjoaa l\u00e4mminhenkist\u00e4 ja luotettavaa kotihoivaa. Palvelemme Espoossa, Kauniaisissa ja L\u00e4nsi-Helsingiss\u00e4.","breadcrumb":{"@id":"https:\/\/www.kotihoivakatriina.fi\/#breadcrumb"},"inLanguage":"fi","potentialAction":[{"@type":"ReadAction","target":["https:\/\/www.kotihoivakatriina.fi\/"]}]},{"@type":"ImageObject","inLanguage":"fi","@id":"https:\/\/www.kotihoivakatriina.fi\/#primaryimage","url":"https:\/\/www.kotihoivakatriina.fi\/wp-content\/uploads\/2025\/10\/kukat-small2.jpg","contentUrl":"https:\/\/www.kotihoivakatriina.fi\/wp-content\/uploads\/2025\/10\/kukat-small2.jpg","width":886,"height":374},{"@type":"BreadcrumbList","@id":"https:\/\/www.kotihoivakatriina.fi\/#breadcrumb","itemListElement":[{"@type":"ListItem","position":1,"name":"Etusivu","item":"https:\/\/www.kotihoivakatriina.fi\/"},{"@type":"ListItem","position":2,"name":"Palvelut"}]},{"@type":"WebSite","@id":"https:\/\/www.kotihoivakatriina.fi\/#website","url":"https:\/\/www.kotihoivakatriina.fi\/","name":"kotihoivakatriina.fi","description":"Kotihoivapalveluita pk-seudulla","publisher":{"@id":"https:\/\/www.kotihoivakatriina.fi\/#organization"},"potentialAction":[{"@type":"SearchAction","target":{"@type":"EntryPoint","urlTemplate":"https:\/\/www.kotihoivakatriina.fi\/?s={search_term_string}"},"query-input":{"@type":"PropertyValueSpecification","valueRequired":true,"valueName":"search_term_string"}}],"inLanguage":"fi"},{"@type":"Organization","@id":"https:\/\/www.kotihoivakatriina.fi\/#organization","name":"Kotihoiva Katriina","url":"https:\/\/www.kotihoivakatriina.fi\/","logo":{"@type":"ImageObject","inLanguage":"fi","@id":"https:\/\/www.kotihoivakatriina.fi\/#\/schema\/logo\/image\/","url":"https:\/\/www.kotihoivakatriina.fi\/wp-content\/uploads\/2025\/10\/Kotihoiva-Katriina-Iloa-jokaiseen-paivaan-logo-wide.png","contentUrl":"https:\/\/www.kotihoivakatriina.fi\/wp-content\/uploads\/2025\/10\/Kotihoiva-Katriina-Iloa-jokaiseen-paivaan-logo-wide.png","width":1264,"height":401,"caption":"Kotihoiva Katriina"},"image":{"@id":"https:\/\/www.kotihoivakatriina.fi\/#\/schema\/logo\/image\/"}}]}},"_links":{"self":[{"href":"https:\/\/www.kotihoivakatriina.fi\/index.php\/wp-json\/wp\/v2\/pages\/48","targetHints":{"allow":["GET"]}}],"collection":[{"href":"https:\/\/www.kotihoivakatriina.fi\/index.php\/wp-json\/wp\/v2\/pages"}],"about":[{"href":"https:\/\/www.kotihoivakatriina.fi\/index.php\/wp-json\/wp\/v2\/types\/page"}],"author":[{"embeddable":true,"href":"https:\/\/www.kotihoivakatriina.fi\/index.php\/wp-json\/wp\/v2\/users\/1"}],"replies":[{"embeddable":true,"href":"https:\/\/www.kotihoivakatriina.fi\/index.php\/wp-json\/wp\/v2\/comments?post=48"}],"version-history":[{"count":37,"href":"https:\/\/www.kotihoivakatriina.fi\/index.php\/wp-json\/wp\/v2\/pages\/48\/revisions"}],"predecessor-version":[{"id":334,"href":"https:\/\/www.kotihoivakatriina.fi\/index.php\/wp-json\/wp\/v2\/pages\/48\/revisions\/334"}],"wp:featuredmedia":[{"embeddable":true,"href":"https:\/\/www.kotihoivakatriina.fi\/index.php\/wp-json\/wp\/v2\/media\/296"}],"wp:attachment":[{"href":"https:\/\/www.kotihoivakatriina.fi\/index.php\/wp-json\/wp\/v2\/media?parent=48"}],"curies":[{"name":"wp","href":"https:\/\/api.w.org\/{rel}","templated":true}]}}